 of (-469068)/(-35) + (-34)/(-595)?
1
Suppose -3*k + 52*k - 22669 = 1386963. What is the ten thousands digit of k?
2
Let l be 90 - 5*(1 + -2). Let p = -234 + l. Let g = -76 - p. What is the tens digit of g?
6
Let g(t) = -t**2 - 16*t - 306. Let c be g(-11). Let z = c - -1209. What is the units digit of z?
8
Let w = 166 - 166. Suppose w = -5*b + 641 + 1199. What is the tens digit of b?
6
Suppose -3*d - 1667 = -n, 6*n - n - 8385 = 5*d. Let j = -737 + n. What is the hundreds digit of j?
9
Let o = -19 + 23. Suppose o*n + 46 = 2*p, -4*n + 3*n = 0. Suppose 57 + p = 2*a. What is the tens digit of a?
4
Let h be (-8)/(-3)*3/(-2) - -8. What is the tens digit of h/(-5 - 682/(-136))?
7
What is the ten thousands digit of (-2 - -2 - 56211)*(-56)/168?
1
Let f(x) = 3*x**2 + 17*x - 1302. What is the thousands digit of f(-70)?
2
Suppose 20069*w + 72720 = 20105*w. What is the units digit of w?
0
Suppose 9654*v = 9674*v + 11762 - 325442. What is the ten thousands digit of v?
1
Let a(n) = 5*n**2 + n + 132. What is the units digit of a(-38)?
4
Let v(m) = -953*m + 953*m + 1 + 5*m**2. Let t be v(-1). Suppose -t*o + 13 - 1 = 0. What is the units digit of o?
2
What is the units digit of 30159/6 + 185/10 + -18?
7
Let h(q) = -4*q - 10. Let y be h(-7). Let z(g) = 6*g - 12 + 1 - 2 - 2. What is the tens digit of z(y)?
9
Let x = -4630 - -3288. Let u = 1883 + x. What is the hundreds digit of u?
5
Let j be -6*1043/(-105) + 2/5. Suppose 4*o + o + j = 0. What is the tens digit of 1396/12 + o/9?
1
Suppose 0 = 60*a - 310298 + 8018. What is the thousands digit of a?
5
Suppose 0*f - 2*f + 49684 = -2*a, 198696 = 8*f + 2*a. What is the hundreds digit of f?
8
What is the tens digit of (0 - -1)*(-85314)/(-531)*198?
1
Let r = 226 + -371. Let t = r - -517. What is the hundreds digit of t?
3
Suppose 5*x - 35513 = -3*g, 4*x + 3*g - 833 = 27575. What is the tens digit of x?
0
Let k(g) = -8*g**2 + 8*g - 26. Let z be k(7). Let b = 847 + z. What is the hundreds digit of b?
4
Suppose 0*o - 1686 = 3*o - 5*y, -4*o - 2271 = y. Let l = -65 - o. Suppose -l - 77 = -3*m. What is the hundreds digit of m?
1
Suppose 4*g = g. Suppose 58*r + 20 = 62*r. Suppose -4*b + 0 = -p - 115, g = 2*b + r*p - 41. What is the tens digit of b?
2
Suppose -268*l + 275*l - 41855 + 16193 = 0. What is the units digit of l?
6
Let o be (-27)/(-135) - 196/5. What is the tens digit of o/2*((-11 - 8) + -7)?
0
Let k(z) = -2*z**3 - z**2 + 12*z - 17. Let g be k(-10). Suppose -4*w - 5*a + g = 0, 3*w + a - 1317 = -a. What is the units digit of w?
7
Let p = 168 + 1008. What is the hundreds digit of p?
1
Let n(v) be the third derivative of 6*v**2 + 0 - 19/2*v**3 + 0*v + 13/24*v**4. What is the tens digit of n(6)?
2
Let f(x) = -x**2 - 28*x + 60. Suppose -k + 10 = -6*k. Let n be (-10)/(((-56)/(-20) + -3)*k). What is the units digit of f(n)?
5
Suppose 0 = -2*y + 1758 - 68. Suppose -5*h - 324 = -2*q - 3*h, -5*q + y = 2*h. What is the units digit of q?
7
Suppose 17*i - 135273 = -9*i + 23*i. What is the hundreds digit of i?
0
Suppose -231336 = -204*z + 187*z. What is the thousands digit of z?
3
Let j be (15/5 - -1) + (2 - 5). Let i(q) = 58*q**2 - 3*q + 1. What is the units digit of i(j)?
6
Let o(u) be the first derivative of 5*u**3/3 + u**2/2 - 9*u + 35. What is the tens digit of o(10)?
0
Let a(w) be the second derivative of 5*w**4/12 - 19*w**3/3 - 3*w**2 - 74*w. What is the hundreds digit of a(14)?
4
What is the units digit of 671/(-12)*-3*56?
4
Suppose k = -4*a + 6*k + 22, 0 = -k - 2. Suppose 3*s + a*c = -2*s + 23, -14 = -3*s - 2*c. Let m(v) = 2*v**3 + v**2 - 4*v + 3. What is the tens digit of m(s)?
3
Let y = 4 - -1. Suppose 4*x + x - 5*q - 30 = 0, 4*x = 3*q + 22. Suppose -3*d - 6 - 82 = -y*a, 5*a - 84 = x*d. What is the units digit of a?
0
Let q(w) = -32*w + 15. Let t be q(10). Let y = t - -1325. Suppose 17*o + y = 23*o. What is the tens digit of o?
7
Let v(b) = -b**3 + 28*b**2 + 60*b + 4. Let d be v(30). Suppose -i - 1864 = -2*p, 5*p + 4657 = 10*p - d*i. What is the units digit of p?
3
Suppose 0 = 73*k - 74*k + 4*z + 11936, -3*z - 11938 = -k. What is the thousands digit of k?
1
Let y be (0/2)/(-53 - -51). Suppose 3*u = 5*a + u - 1141, 3*a = 4*u + 693. Suppose y = 3*j - 325 - a. What is the units digit of j?
4
Suppose -2 = 4*k - 18. Let h(i) = i**3 - 2*i**2 + 8*i - 22. Let y be h(k). Let g = 145 - y. What is the units digit of g?
3
Suppose -12 = h - 4*s, -5*h - 3 = 4*s - 15. Suppose 4*c + 0*c - 24 = h. What is the hundreds digit of c/63 + (-3211)/(-21)?
1
Let b be (-56)/(-5) + (-2)/10. Suppose -4*u = -b - 29. Suppose -110 = -2*z - u. What is the units digit of z?
0
Let l(a) = 85*a**3 - 32*a**2 + 132*a + 20. What is the tens digit of l(7)?
3
Suppose -3*r + 5*r - 5*n - 666 = 0, -6 = 3*n. Let k be -2*(360/(-15))/12. Suppose k*z = 8 + r. What is the tens digit of z?
8
Suppose 20*c + 8780 - 118280 = 0. What is the thousands digit of c?
5
Let u = 12028 + -6960. What is the units digit of u?
8
Let m(u) = -u**2 - 65*u - 22. Suppose -42 = -107*n + 109*n. What is the hundreds digit of m(n)?
9
Let p(y) = 9*y**2 - 6*y + 2. Let t be p(5). Suppose -f + l = -t, -4*f + l - 4*l = -788. Let g = f - 76. What is the hundreds digit of g?
1
Let t(k) = -k**3 + 14*k**2 + 32*k + 3. Let o be t(16). Let d be o - (-5 + 10 + -4). What is the tens digit of (-50)/(0 - -1)*(-5)/d?
2
Let o(k) = 16*k**2 - 24*k + 149. What is the hundreds digit of o(9)?
2
Let j = 146 - 143. Suppose -j*t + 2978 - 1148 = 0. What is the tens digit of t?
1
Suppose -4*u - 3*r + 31585 = -2*r, -23689 = -3*u - r. What is the thousands digit of u?
7
Let o(z) be the third derivative of 467*z**4/24 + 35*z**3/6 - 171*z**2. What is the units digit of o(2)?
9
Suppose -18*r = -63*r + 279450. Suppose -r + 2045 = -5*f - 4*n, 1673 = 2*f + 3*n. What is the tens digit of f?
2
Suppose -2*a + 2*r - 14 = -3*a, 2*r = -3*a + 22. What is the units digit of 1071/a + 1/(-4)*-1?
8
Let h(a) = -5*a - 12. Suppose -51 = -9*o + 48. Suppose 9*m - o*m = 24. What is the tens digit of h(m)?
4
Suppose 72527 = 16*f + 36877 - 70318. What is the thousands digit of f?
6
Suppose 33 = b + o - 4*o, 2*b - 74 = -2*o. Let a(s) = -2*s**3 - 16*s**2 + 5*s + 8. Let x be a(-8). Let z = x + b. What is the units digit of z?
4
Let t(n) = -13*n**2 - 1749*n + 63. What is the hundreds digit of t(-122)?
9
Let h(j) = -3*j**3 + 35*j**2 + 7*j - 15. Let w be h(12). Let l = w + 96. What is the tens digit of l?
2
Let q(i) = 38*i - 22. Let f be q(2). Suppose 58*h - f*h = 856. What is the tens digit of h?
1
Let g(l) = 5*l**3 + 28*l**2 + 24*l - 51. Let r(j) = -14*j**3 - 82*j**2 - 71*j + 154. Let c(y) = 17*g(y) + 6*r(y). What is the tens digit of c(17)?
4
Let w be 4 + (-180)/((-5)/1). Let o(r) = 3*r - w + 158 + 5. What is the units digit of o(0)?
3
Let h(w) = -w**2 + 6*w + 13. Let y be h(7). Let i be (-12)/18 - (-52)/y. Suppose 0 = -x - 4*c + 38, -2*x + i = 4*c - 52. What is the units digit of x?
2
Suppose 0 = q + 4, 2*m = -29*q + 31*q + 1348. What is the units digit of m?
0
Let r(i) = -i**2 + 12*i + 13. Let k be r(14). What is the tens digit of (136 - 0*(-3)/k)/2?
6
Let m(n) = -16*n + 36. Let g be m(2). Suppose 4261 = 5*v - g*r, 13*v - 2543 = 10*v - r. What is the tens digit of v?
4
Suppose 3*q + 5*b + 803 = 0, -8*q + 6*q - 529 = -3*b. Let o = q + 562. What is the units digit of o?
6
Let l = 1771 + 5420. What is the units digit of l?
1
Let b = 867 + -1423. Let s = b - -901. What is the hundreds digit of s?
3
Suppose 3*v - 101 = x, -4*x = v - 10 - 41. Suppose 205 = 5*t - 2*q, v + 185 = 5*t + q. Let w = t + 29. What is the tens digit of w?
7
Let z = 868 - -1043. Let c = z + -630. What is the units digit of c?
1
Let n be 14970*(-1 + 1 + -5). What is the hundreds digit of (-4)/(-38) - (-11 + n/95)?
7
Let y be (-20977)/(-6) - ((-5)/6 - -1). Suppose y = 5*r - 1669. What is the thousands digit of r?
1
Let t(j) = 44*j**2 + 5*j - 5. Let h be t(-5). Suppose -h = 15*b - 20*b. What is the units digit of b?
4
Let q = 4408 + -676. What is the units digit of q?
2
Let x(d) = d**3 + 12*d**2 - 16*d - 9. Let q be x(-13). Suppose 28*w = q*w - 54. Suppose 5*m - 68 - w = 0. What is the units digit of m?
9
Let g(w) = -w**3 + 28*w**2 + 94*w + 50. What is the units digit of g(24)?
0
Let z = -1050 - -2173. Let a = z + -781. What is the units digit of a?
2
Suppose -3*m + 140532 = -3*